p(q) = -i(q) + t(q). Give p(-3).
-5
Let b(g) be the second derivative of -g**5/5 + g**4/6 - g**3/3 + g**2/2 - 4*g. Give b(1).
-3
Let d(a) = 13*a + 3 + 2*a**2 - 3*a**2 - 15 - 4. Determine d(12).
-4
Let s(q) be the third derivative of q**6/120 + q**5/20 + q**4/12 + q**3/3 - 10*q**2. Calculate s(-3).
-4
Suppose -8 = 2*p - 6*p. Let s(j) = 4*j + 8. Let i(g) = -5*g - 9. Let o(f) = -5*i(f) - 6*s(f). What is o(p)?
-1
Let y be (-1*2 + -1)*-1. Suppose -y*g + 0*g = -3. Let i(x) = 11*x - 2*x - 3*x - 1. Calculate i(g).
5
Let o(k) be the first derivative of 1/12*k**4 - k - 1/6*k**3 + 7/2*k**2 - 4. Let q(j) be the first derivative of o(j). Determine q(0).
7
Let c(q) = -q**3 - 5*q**2 - 5*q. Suppose h + 2*k - 33 = 0, -2*h + 4*k = -3*h + 31. Let f = h - 17. Let d be 6/(-15) - f/5. What is c(d)?
4
Let z(p) = -2*p + 1. Let k = 22 - 25. What is z(k)?
7
Let n(g) = g**2 - 9. Let l(o) = -3*o**2 + 26. Let f be 25/6 + 7/(-42). Let y(q) = f*l(q) + 11*n(q). Determine y(0).
5
Let q(n) = n**2 + 2*n - 3 + 6 - 5*n - 2*n. Suppose z = -2*z + 15. Determine q(z).
3
Suppose j - 5*h = -3 - 3, 0 = -2*j - h + 10. Let t(f) = 2*f**3 + f**2 - 2*f + 2. Let p(k) = 3*k**3 + 3*k**2 - 3*k + 4. Let g(r) = -3*p(r) + 5*t(r). Give g(j).
-6
Let z(m) = -m - 6. Let j(n) = 2*n + 13. Let i(o) = 6*j(o) + 14*z(o). What is i(-5)?
4
Suppose -3*u + 8 = -2*g + 2, -2*u + 5 = -g. Let y(m) = m**3 - 2*m**2 - 2*m + 1. Give y(g).
4
Let n(l) = l**2 - 2. Suppose 26 - 6 = 4*h. Let v = h + -3. Suppose v*i = -i. Determine n(i).
-2
Let f(u) be the first derivative of u**2/2 - 7*u - 6. What is f(5)?
-2
Let p(a) be the third derivative of a**5/60 - a**4/6 - a**3 - 6*a**2. What is p(6)?
6
Suppose -15 = -z + 4*u, 4*z - 46 = -2*u + 4*u. Let m(t) = -4*t - 4*t + 2*t + 5*t + z. Give m(6).
5
Let w(g) = 94*g - 183*g + 90*g. Determine w(-5).
-5
Let k(q) = -2*q + 15. Let o(w) = w - 8. Let l(i) = -6*k(i) - 11*o(i). Let a = -3 - 4. Let x = -4 - a. What is l(x)?
1
Let i(o) = o**3 - 4*o**2 + 3*o + 2. Let h be i(3). Suppose 0*y - y = -h*d - 7, -d = -5*y + 17. Let z(x) = -x**3 + 3*x**2 + x + 4. Calculate z(y).
7
Let o(p) = p + 7. Let z(y) = y - 13. Let l be z(13). Determine o(l).
7
Let j(n) be the first derivative of n**3/3 - 2*n - 1. Suppose 0 = m + 3 - 0. Let z be (m/(-6))/(1/6). Calculate j(z).
7
Let m be 0/(-2) + 1 + 1. Let u(i) = -i + 7. Let v be u(5). Let r(z) = 0*z**2 + 0*z**2 + v*z**2 - 1 - 3*z**2 + z. Determine r(m).
-3
Let n(b) be the second derivative of -b**4/12 - 3*b**3/2 + b**2/2 + 31*b. What is n(-9)?
1
Let y = -18 + 22. Let r(h) = h - 2. What is r(y)?
2
Let j(x) = 13*x**2 - x. Suppose -6*o = -9 + 15. Give j(o).
14
Let y(f) = 9*f**2 - 1. Let c(r) = r**2 + 4*r + 2. Let q = -1 - 2. Let v be c(q). What is y(v)?
8
Let c(z) = z**2 - z - 4. Let s be (-1 + 1)/(-1 - -2). Suppose -3*n + 15 = 2*n. Suppose -g = -s + n. Determine c(g).
8
Let w(u) = -4 + 0*u - 4 - u + 9 - 5. Suppose -5*i = -i. Give w(i).
-4
Suppose 5*g - 7 = 13. Let t(f) = f**3 + 1 + 6*f - g*f + 5*f**2 + 4*f. Let n be (4/(-3))/((-2)/(-6)). Give t(n).
-7
Let f(k) = k**2 + 14*k + 2. Let b(a) = -a + 1. Let y(q) = 4*b(q) + f(q). Let n be y(-9). Let g(d) = d**2 + 4*d + 4. Give g(n).
1
Let o(u) be the second derivative of u**6/360 + 3*u**5/40 + 7*u**4/24 - 2*u**3/3 + u. Let m(h) be the second derivative of o(h). What is m(-6)?
-11
Let t(w) be the first derivative of w**2 + w + 3 + 14/3*w**3. What is t(-1)?
13
Let k(b) = b**2 - 5*b - 8. Suppose 5*n - 2*s - s - 42 = 0, -4*n = -3*s - 36. What is k(n)?
-2
Let g be (6 + -3)*(-2)/(-3). Let t(r) = -5*r**2 + 2. Give t(g).
-18
Let x(d) = d - 7. Suppose 0*u + 2*u - 16 = -4*m, 3*m + 27 = 5*u. Suppose -10 = -4*i + u. Give x(i).
-3
Let w(b) = b**2 + 4*b + 4. Let a be (-445)/15 + 1/(-3). Let h be (2/5)/(3/a). Give w(h).
4
Let q be ((0/(-1))/3)/(-3). Let g = -3 - q. Let y(a) = -a. Calculate y(g).
3
Let f(l) = -6*l**3 - 1. Suppose 0*g + 8 = 4*g. Suppose 0 = -v + 3*v - g. Determine f(v).
-7
Let k(m) = -2*m - 4. Let i(y) = -y**2 - 7*y + 5. Let z be i(-8). Let o be 2*z/(-6)*-8. Let g = 4 + o. Give k(g).
4
Let b(o) = 2*o**2. Let z be 6/(-24) - 10/(-8). Let l(t) = t**2 - 3 + 1 + t + z. Let n be l(-2). What is b(n)?
2
Let p(k) = k + 5. Let c(j) = -j**2 - 6*j - 10. Let h be c(-5). Calculate p(h).
0
Let f(c) = 6 - 13*c + 12*c - 4 - c**2. Let p(j) = -j + 3. Let r(w) = 4*f(w) - 3*p(w). Give r(-1).
-4
Let d be -1 + -92 - (-18)/(-6). Let f be ((-6)/8)/(2/d). Let g(h) = h - f + 36. Calculate g(0).
0
Let k(a) = -3*a**3 - 5*a**2 - 7*a - 8. Let s(t) = -13*t**3 - 19*t**2 - 28*t - 32. Let o(y) = 9*k(y) - 2*s(y). Give o(-6).
-2
Let c(w) = 31*w**2 + 26*w**2 + 4 - 58*w**2 - 3*w + 2*w. What is c(3)?
-8
Let i(r) be the third derivative of -1/120*r**6 + 0 - 6*r**2 - 1/30*r**5 + 0*r + 1/3*r**3 + 1/4*r**4. What is i(-4)?
10
Let h(d) = -d - 4. Let c(z) = 2*z - 3*z + 0*z - 5. Let p(y) = 3*c(y) - 4*h(y). Suppose 3*s = -2*s - 10. Calculate p(s).
-1
Let r = -3 + 3. Suppose r = -3*o - 3*s - 3 - 0, 0 = 2*o + s - 1. Suppose 16 = 6*q - o*q. Let t(l) = -l**3 + 3*l**2 + 2*l + 4. Determine t(q).
-4
Suppose -2 = -2*q + 8. Let i = -10 + 14. Let b(m) = 3 + 4*m - m**3 + 2*m**2 - i + 2*m**2. Calculate b(q).
-6
Suppose -2*k + 14 = -0*k. Let z = -4 + k. Let q(n) = z*n + 0 + 1 - 2. Calculate q(1).
2
Let t(s) be the second derivative of s**3/3 + 11*s**2/2 + 8*s. What is t(-8)?
-5
Suppose 2*p = y - 3, -5*y - p = -39 + 13. Let f(c) = -2*c**2 + 6*c - 3. Calculate f(y).
-23
Let d be 6/4*32/24. Let l(h) = -3*h**2 + 2*h**3 + 7*h**d - h**3. Suppose 5*t + r + 16 = -0*t, r = -t. Determine l(t).
0
Let d(x) = 11*x**2 - x. Let r be d(-1). Let h = 7 - r. Let v(j) be the third derivative of -j**5/60 - 5*j**4/24 - 6*j**2. Calculate v(h).
0
Let t(s) = -s - 3. Let l(n) = -4*n - 2. Let y be l(-5). Suppose -m = 2*m + y. Calculate t(m).
3
Let i(u) = 8*u + 0 + 2 - 3 + 2. Give i(-1).
-7
Let f(n) = -n**3 - 4*n**2 + 3*n - 8. Let c(m) = -2*m**3 - 8*m**2 + 6*m - 17. Let y(w) = -3*c(w) + 7*f(w). Calculate y(-5).
5
Let a(p) = 32*p - 19*p + 4 - 16*p. What is a(-5)?
19
Let q(h) be the first derivative of -h**2/2 - 5*h + 7. What is q(-5)?
0
Let h(v) = 2*v - 6. Let s be h(5). Let p(r) = -s - 4*r**2 + 3*r - 5*r + 3*r**2. Give p(-4).
-12
Let s(z) be the second derivative of z**3/6 + z**2/2 + 2*z + 1. Calculate s(4).
5
Let s be 7/1 + -2 - 3. Let v(a) = 1 + 4*a + a**2 - s*a - 6*a. Calculate v(3).
-2
Let c = -1 + -1. Let h(r) = -2*r**2 - 4*r - 3. Calculate h(c).
-3
Suppose -3*f - 13 = -1. Let p(m) = -2*m - 4. What is p(f)?
4
Let u(z) be the first derivative of -5*z**2/2 - z - 204. Let t = -6 - -4. Let p = -1 - t. Give u(p).
-6
Let n(c) = -c + 3. Let d(i) = i - 4. Let x be d(-5). Let l = x - -21. Suppose 4*w - l = 8. Determine n(w).
-2
Let q(a) = -3*a - 4. Let b(f) be the first derivative of 8/3*f**3 - 1/4*f**4 - 2 - 4*f**2 + 4*f. Let o be b(7). Calculate q(o).
5
Let f(g) be the third derivative of -g**4/12 - 7*g**3/6 - 23*g**2. Give f(-6).
5
Let c(i) = 0*i + 5 - 2*i + 0*i + 7*i. Let o(s) = -26*s - 26. Let l(j) = -16*c(j) - 3*o(j). Determine l(-3).
4
Let z(n) = -n**2 + 6*n + 2. Let y(b) = b**2 - b - 8. Let h be y(4). Determine z(h).
10
Suppose -20*b + 72 = 4*b. Let n(c) be the first derivative of 1/2*c**2 - 2*c - 1. What is n(b)?
1
Let z(c) = -5*c - 3 + 2*c + 4*c. Determine z(-3).
-6
Let s(z) = 5*z - 1. Let t(b) = 14*b - 3. Let f(k) = 17*s(k) - 6*t(k). Let u(m) = -m**2 + 7*m - 2. Let j be u(7). Give f(j).
-1
Let i(r) be the second derivative of r**5/20 - 7*r**4/12 + 5*r**3/6 + r**2/2 - 2*r. What is i(6)?
-5
Let u(l) = -11*l - l**3 + 0*l**3 + 4*l**2 - 2 + 12*l. Calculate u(4).
2
Let x = 30 - 20. Let i = 14 - x. Let c(n) = -n**2 + 3*n + 3. What is c(i)?
-1
Suppose -2*r - 3*q - 16 = -4*r, -r + 5*q + 22 = 0. Let y(m) = -3 - 2*m**3 + r + 3 - 4 + 3*m**2. Determine y(2).
-6
Let m be 1/(0/(-1) + 1). Let s(p) = p + 4. Suppose 2 = -5*c - 13. Let q(w) = -2*w - 3. Let b(z) = c*q(z) - 2*s(z). Give b(m).
5
Let m(q) = -11*q**2 - 3*q - 11. Let c(g) = 7*g**2 + 2*g + 7. Let x(p) = 8*c(p) + 5*m(p). Let u = 6 - 8. Let l be -1 - (0/u)/(-2). Calculate x(l).
1
Let b(r) = 4*r**2. Suppose 0 = 2*i + t + 3, i + 3 = -0*i + t. What is b(i)?
16
Suppose 4*g + 8 = -4*s, -3*g - 5*s + 0 = -2. Let p(x) = x**3 + 6*x**2 - 1. What is p(g)?
-1
Let o(k) = 3*k + 2. Let w = 1 - -1. Determine o(w).
8
Suppose -j + 10 = 5*u + 2, -5*u + 6 = 2*j. Let i(d) = 7*d 